emainder when b(-12) is divided by 5?
2
Suppose -2*d + 4 = 0, -4*c + 23 = -5*d - 7. Suppose 4*l - 64 = -8. Suppose -j - c = -o + 2*j, 3*j = 5*o - l. Calculate the remainder when 3 is divided by o.
0
Suppose -p = -5, p = -2*z + 3*z - 113. Calculate the remainder when z is divided by 34.
16
Let t(z) = -z**2 - 11*z - 5. Let i be t(-10). Suppose -l = -w + 8 - 52, l - 38 = -i*w. Calculate the remainder when l is divided by 9.
7
Let c be 9/(189/(-14)) + (-544)/(-6). What is the remainder when (-493)/(-6) + (-15)/c is divided by 23?
13
Let d = -730 - -770. Calculate the remainder when 141 is divided by d.
21
Suppose 4*i = 3*y - 323, -i + 395 = -6*i - 5*y. What is the remainder when (-34)/8*2*-14 is divided by i/(-12)*9/2?
29
Calculate the remainder when ((-8)/(-6))/((9 + -15)/(-450)) is divided by 56.
44
Let f(m) = 4*m**2 - 5*m - 35. Calculate the remainder when 237 is divided by f(-4).
41
Let a(u) = u - 21*u**3 + 4 - 2 + 3*u**2 - 5*u**2 + 0*u**2. What is the remainder when 57 is divided by a(-1)?
17
Let b(v) = 2*v - 17. Let m(o) = -o**3 + 7*o**2 - o. Let l be m(6). Let s = -27 + l. What is the remainder when b(11) is divided by s?
2
Let v(k) = 13*k**2 - 7*k - 1. Let g(h) = h**2 - h. Let c(n) = -6*g(n) + v(n). Calculate the remainder when c(2) is divided by 13.
12
Suppose -8*p = -6*p - 60. Suppose -2*x + 40 = 5*m, -2*x - 2*x + p = 5*m. Calculate the remainder when 26 is divided by m.
6
Let v be 23/115 + 358/10. Suppose 0 = m - i - 23, 0 = m + m - 4*i - v. What is the remainder when 81 is divided by m?
25
Let n(p) = -p**2 + 2*p + 26. Let t be n(8). Suppose -3*a - 2*a = 0. Let v = a - t. Calculate the remainder when 63 is divided by v.
19
Suppose -102 = -93*v + 92*v. Suppose -a = a - v. What is the remainder when a is divided by 13?
12
Let u(k) = -k**3 + k**2 - k - 1. Let c be u(-1). Suppose -30 = 4*l + 4*v - c*v, -4*l = v + 35. Let a = l + 16. Calculate the remainder when 16 is divided by a.
4
Let z = 2684 + -2138. Calculate the remainder when z is divided by 137.
135
Suppose 0 = -4*m - 3*w + 126 + 155, -2*m + 3*w = -145. What is the remainder when 425 is divided by m?
70
Let f be 1*6*(30 + 0). Suppose -5*v + 7*v - 6 = 0. Suppose 0 = -v*s - d + 139, 0 = -3*s - 2*d - 43 + f. What is the remainder when s is divided by 12?
11
Suppose -4 - 23 = -5*g - 4*m, -3*g - 3*m + 18 = 0. Let b be g + 2 + -3 - 16. Let d = b + 43. Calculate the remainder when 56 is divided by d.
27
Let g(y) = 8*y**3 + y**2. Let m(c) = 4*c + 5*c - 8*c - 3. Calculate the remainder when g(1) is divided by m(9).
3
Let t = -2847 - -2862. Calculate the remainder when 388 is divided by t.
13
Let u = -44 - -53. What is the remainder when 34 is divided by u?
7
What is the remainder when 114 is divided by (-196)/(-2058) - 481/(-21)?
22
Suppose 14*n - 147 - 175 = 0. What is the remainder when 320 is divided by n?
21
Suppose -5*h - 30 = -3*s, 2*s + 9 = -h + 3. Suppose 0 = 14*o + 18 - 172. What is the remainder when 183/9 + h/(-9) is divided by o?
10
Let b = 4 - 30. Suppose -6 = -0*d + d. Calculate the remainder when 1 is divided by d/(-10) - b/65.
0
Suppose -j + 475 = 3*j + 3*x, 3*j - 355 = -x. Suppose -3*f - 46 = -5*f. Calculate the remainder when f is divided by 7/35 - j/(-10).
11
Suppose -5*o + 10 = -v, 2 = -5*v - 2*o + 3*o. Suppose -6*c - 2*c + 152 = v. Calculate the remainder when 131 is divided by c.
17
Suppose 215*w - 214*w = 68. Calculate the remainder when 195 is divided by w.
59
Let t be (-1 - 1172/8)*2. Let h = -162 - t. Let x = 239 - h. Calculate the remainder when x is divided by 27.
25
Let w = -5 - -9. Let a = 10 - 6. Suppose 0 = 3*n - 5*d - 35, 0 = a*n - 6*d + 3*d - 32. What is the remainder when n is divided by w?
1
Let d(v) = -2*v - 4. Let p be d(-3). What is the remainder when 168/p + 0 + -2 is divided by 21?
19
Let v(u) = -u**2 + 23*u - 54. What is the remainder when v(15) is divided by 23?
20
Let n(z) = -z**3 + 3*z**2 + 2*z - 6. Let j(i) = -i**3 - 10*i**2 - 2*i - 5. Let t be j(-10). Let h = t + -6. Calculate the remainder when n(-3) is divided by h.
6
Let u(z) = z + 11. Suppose -2*p = -p + 8. Let v = 21 + p. Calculate the remainder when u(12) is divided by v.
10
Suppose 0 = -58*b + 57*b + 7. Let z = 228 - 111. Calculate the remainder when z is divided by b.
5
Suppose 2*o + i = -i - 188, -2*i = 5*o + 467. Let q = -66 - o. Calculate the remainder when q is divided by 7.
6
Let u = -4 + -15. Let y = -6 - u. Let v = y - 9. What is the remainder when 10 is divided by v?
2
Let b(j) = -9*j**2 + 11*j - 36. Let n be b(4). Let k = n + 153. Calculate the remainder when 44 is divided by k.
10
Suppose -255 = 148*c - 163*c. Calculate the remainder when 1698 is divided by c.
15
Suppose 2*k = w - 5*w + 44, -2*w + 10 = 0. What is the remainder when k is divided by (4 - 5) + 3*3?
4
Suppose -186 = -f - 55. Calculate the remainder when f is divided by 35.
26
Let z = 34 - 32. Suppose z*f = 0, 5*m = -0*m - 3*f + 85. What is the remainder when 67 is divided by m?
16
Let y(z) = -3*z**2 + 23*z - 20. Calculate the remainder when 128 is divided by y(6).
8
Suppose 12*k = 7*k + 95. What is the remainder when 1309 is divided by k?
17
Let v = 1 - 109. Calculate the remainder when ((-2)/(-6))/((-3)/v) is divided by 9.
3
Calculate the remainder when (-129)/2*864/(-162) is divided by 85.
4
Suppose -2*l = 4*k - 34, 0 = -5*k - 2*l + 4*l + 29. Calculate the remainder when (-2 - (-3)/9)/((-2)/24) is divided by k.
6
Let r = -85 + 106. What is the remainder when r is divided by 6?
3
Let v = 4 - -6. Suppose 0 = 5*r + v + 30. Let m(f) = f**3 + 7*f**2 - 9*f + 7. Calculate the remainder when 57 is divided by m(r).
12
Let f be (-1 - -2)*(-1)/1. Let u be ((-1)/3)/(f/9). What is the remainder when 17 is divided by (-2 + 4)/(u/9)?
5
Let x(s) = -35*s + 10. Let r(z) = -70*z + 19. Let m(d) = 4*r(d) - 7*x(d). Calculate the remainder when m(-2) is divided by 13.
11
Let p = 298 - 252. Let o be (-2 - 1)*6/(-9). Suppose -w - o*w - 39 = -3*u, -4*w = 4*u - 76. What is the remainder when p is divided by u?
14
Let l = -4 - -8. Suppose -12*o = -7*o - 315. What is the remainder when (-40)/(-30)*o/6 is divided by l?
2
Suppose 13 = l - 8. Let w = 23 - l. Suppose q = w*n + 15, q - 16 = -q - 3*n. Calculate the remainder when 20 is divided by q.
9
Suppose 5*u + 5*z - 75 = -0*u, 5*u = 5*z + 85. Let q = 4 + u. Calculate the remainder when (4/(-8))/((-3426)/684 - -5) is divided by q.
17
Suppose -2*c = 3*c - 55. Suppose 9 = -4*a + 21. Suppose -4*l + a*l + 143 = 5*w, -w + l + 31 = 0. Calculate the remainder when w is divided by c.
7
Let l = 14 + -12. Suppose -u + 26 = l*t - 0*t, 4*u + 3*t - 94 = 0. Let j = 34 + -22. Calculate the remainder when u is divided by j.
10
Let r = -39 - -43. Suppose -r*h - 33 = -3*s, 3*h = 3*s - 33 + 3. Suppose 3*g = 59 - 5. Calculate the remainder when g is divided by s.
4
Let p = -1137 + 1307. What is the remainder when p is divided by 55?
5
Let l = 154 + -42. Calculate the remainder when l is divided by 58.
54
Suppose -3*a + 14 = -163. What is the remainder when a is divided by 6?
5
Calculate the remainder when 167 is divided by 8 - (-1 - 18/(-6)).
5
Suppose 12*k + 656 = j + 15*k, j - 3*k - 680 = 0. Calculate the remainder when j is divided by 8.
4
Suppose -9*x + 37*x = 5264. Calculate the remainder when x is divided by 26.
6
Let g(a) = a**2 + 5*a - 12. Let q be g(-8). Let b(d) = 2*d - 1. What is the remainder when b(q) is divided by 6?
5
Let h(z) = z**2 + 10*z - 45. What is the remainder when h(-14) is divided by 7?
4
Let r = 921 - 911. Let l be ((-2)/(-6))/(2/30). Calculate the remainder when r is divided by 32/l + 4/(-10).
4
Let v be (-4)/14 + (-1348)/(-14). Suppose 3*d + 2*d - v = 2*l, -87 = -5*d - l. Let y = d + -5. Calculate the remainder when 25 is divided by y.
12
Suppose -76 - 5 = 9*h. Let d = 40 + h. What is the remainder when d is divided by 18?
13
Suppose -8*r + 30 = -6*r. Suppose -l - 4 + r = 0. Calculate the remainder when 43 is divided by l.
10
Let n be -12 + -13 + (-2 - 1). Calculate the remainder when 12 is divided by (11/(-44))/(1/n).
5
Calculate the remainder when 38 is divided by 16 + (-6)/4 + (-10)/20.
10
Let m(t) = -t + 11. Let k(v) = v**3 + 31*v**2 - v - 24. Let g be k(-31). Suppose 0 = g*s - 6*s - 57. Calculate the remainder when s is divided by m(-9).
17
Let b(n) = -2*n**3 - 9*n**2 + 12*n 